(-6)/12 + d?
3
Suppose t - y - 138 - 494 = 0, -4*t + 2*y = -2526. Let x = t + -191. What is the hundreds digit of x?
4
Suppose -53*p + 56278 = -38539. What is the units digit of p?
9
Let v be 28/10 - (0 + (-3)/15). Suppose 5*c = v*c + 224. Suppose -c + 16 = -6*y. What is the tens digit of y?
1
Suppose 0 = -q - 0 + 4. Suppose 4*b = 3*u + 23, -5*u = b - 9*u - 22. Suppose -b*v + q = 0, 0 = 5*h - 4*v - 324 + 17. What is the units digit of h?
3
What is the hundreds digit of 13627 + 2/(-3 + (-7)/(-7))?
6
Let q(p) = -48*p + 30. Let y be q(6). Let m = 969 + y. What is the hundreds digit of m?
7
Let l be (6 - 55/11)*(1 - 6). Let k(w) = 22*w + 43. Let i(r) = -15*r - 29. Let x(m) = 8*i(m) + 5*k(m). What is the tens digit of x(l)?
3
Let r = 17631 + 1192. What is the tens digit of r?
2
Let y = 2417 - -5033. What is the thousands digit of y?
7
Let n(c) = c**3 - 15*c**2 + 228*c + 5. What is the tens digit of n(24)?
6
Suppose 3*b = b - 3*m + 67226, -6*b + 201598 = -m. What is the units digit of b?
1
Suppose 613224 = 36*c - 18*c - 41634. What is the ten thousands digit of c?
3
What is the units digit of ((-8)/(16/6) + 32142 - -4)*1?
3
Let n = 1776 + 25200. What is the tens digit of n?
7
Let y = 24 - 28. Let o be -10 - (1 - y/(-2)). Let r = o - -19. What is the units digit of r?
0
Suppose 0*n + 2*v = 3*n - 16, -v = -5*n + 36. Suppose -4*w + n + 12 = 0. Suppose w*h - 1057 = -257. What is the tens digit of h?
6
Suppose 144 - 384 = -5*s. Suppose w - 4*f = -11, 0 = w + 4*f - 3*f + 21. Let j = w + s. What is the units digit of j?
9
Let w = 377 + -372. Suppose 0 = -w*h + 10*j - 14*j + 2072, -821 = -2*h + j. What is the units digit of h?
2
Let j be (324/(-8))/((-1)/2). Let c be (-1)/5*-5 - j. What is the hundreds digit of ((-522)/8)/(30/c)?
1
Suppose 11*c - 30*v = -26*v + 54280, 5*c - v = 24676. What is the tens digit of c?
3
What is the units digit of (-36)/630*-7 - 74093/(-5)?
9
Suppose -340 = -9*j - 70. Suppose 54 = 6*b + j. What is the hundreds digit of (169/(b + -3))/1?
1
Let y(v) = -v**3 - 25*v**2 - 25*v - 20. Let x be y(-24). Suppose 936 = x*c + 4*g, -4*g + 1595 - 421 = 5*c. What is the hundreds digit of c?
2
Suppose 2*h = -8, 0 = p + 4*h + 10 + 111. Let z be (-1952)/(-7) - 15/p. Suppose -8*l = -265 - z. What is the units digit of l?
8
Let v(m) = 38*m - 100. Let i be v(3). Let k(n) = 3*n**2 - 3*n + 58. What is the units digit of k(i)?
4
Suppose 11*x - 105 = 4*x. Suppose 10*m - x*m = -20. What is the units digit of m?
4
What is the tens digit of -6 + 32 - 14 - -3045?
5
Suppose 343*x - 346*x = 5*r - 66500, -5*x + 110816 = 4*r. What is the ten thousands digit of x?
2
Suppose 0 = -2*f + 9 - 3. Suppose -17 = -4*u + f. Suppose u*z = -9*z + 126. What is the units digit of z?
9
Suppose 3*w - 27 = -0*w. Suppose 4*l - w - 7 = 0. Suppose -251 = -5*q + 4*d, -8*q + 3*d + 200 = -l*q. What is the tens digit of q?
4
Suppose -s - 7 = -o, 0 = -3*s - 0*o - 2*o - 46. Let l = 20 + s. Suppose 0 = -2*i - l*i + 1050. What is the hundreds digit of i?
1
Let w(q) = -12 + 6 + 7 - 165*q + 8. Let o be w(-2). Suppose -o - 949 = -8*h. What is the hundreds digit of h?
1
Suppose 5*b - 68 = 1187. Suppose 0 = -g + h + b, 0 = -2*g + 4*g + 2*h - 486. Suppose -1118 = -5*l + j, 2*l - 687 = -2*j - g. What is the hundreds digit of l?
2
Let d(m) = 17 - 30 + 9 - 10*m. What is the units digit of d(-10)?
6
Suppose -262*v - 4883 - 18047 = -263*v. What is the tens digit of v?
3
Suppose -g - i = 3*i + 7, -5*g + 40 = -5*i. Suppose -6*x + 2*x = -5*p - 144, 0 = -g*p + 20. Suppose 39*k - x*k + 226 = 0. What is the hundreds digit of k?
1
Suppose -4*y + 3*c + 35 = -0*y, -4*y + 2*c = -38. Suppose 0 = -12*q + y*q. Suppose q = -3*v + 69 + 444. What is the hundreds digit of v?
1
What is the thousands digit of (-38)/(2584/51) - -123531*3/12?
0
Let p(i) = 38*i - 7. Let u = -279 + 283. What is the tens digit of p(u)?
4
Suppose 5*n - 772 = 5*t - 162, 0 = -2*n + 3*t + 246. Let u = -16 + n. What is the hundreds digit of u?
1
Let u(y) = 2828*y**2 + 1670*y + 5007. What is the tens digit of u(-3)?
4
Let v = 2025 - -1155. What is the tens digit of v?
8
Let m = 127 - 120. Let u(h) = -6 - 4 + 1 + 10*h - m. What is the units digit of u(11)?
4
Let f = 2645 - -2556. What is the tens digit of f?
0
What is the hundreds digit of (-6)/(-9)*(14052 + -6 + 12)?
3
Suppose -6952071 = -179*g + 362406. What is the thousands digit of g?
0
Suppose -33*q + 10*q = -49180 - 401505. What is the ten thousands digit of q?
1
Let v = 374 + -880. Let s = 1068 + v. What is the units digit of s?
2
Let z(n) = 2*n**2 + 2*n - 10. Let o be z(-7). Suppose -231 = 51*l - 54*l + 2*i, 4*l - i = 308. Let g = l - o. What is the units digit of g?
3
Let f(z) = -z**3 + 16*z**2 - 17*z + 32. Let v be f(15). What is the units digit of (2/8)/(v/16) - -228?
0
Suppose 98*b = 96*b - 20. Let i(p) = 6*p**2 + 29*p - 13. What is the units digit of i(b)?
7
What is the tens digit of (4/(-14))/(10/(-35))*14596 - -3?
9
Suppose -2*s + x = -1, 0*s + 3*s = 4*x - 1. What is the units digit of s/(6 - (-11215)/(-1870))?
4
Let m = 133 + -208. What is the units digit of (-1)/(4/m)*32/6?
0
Let s(q) = q**3 - 5*q**2 + 2*q - 6. Let h be s(5). Suppose 3*i = 2*r + 545, 360 = 2*i - 2*r + h*r. Let x = i + -123. What is the units digit of x?
8
Let w(i) be the third derivative of -i**5/60 - i**4/4 - 2*i**3/3 + 26*i**2. Let q be w(-4). What is the tens digit of (q/2)/((-10)/(-245))?
4
Let c = -36 - -37. Suppose r + c = 10. What is the tens digit of 6/r - 560/(-24)?
2
Let u(y) = -345*y**2 - 6 + y + 7*y + 346*y**2. Let l be u(-9). Suppose -l*z = 7*z - 910. What is the tens digit of z?
9
Suppose -2*o + 2*u = -20, -25 = 3*u + 2*u. Suppose f - 5*y = 72, -4*f + 60 = -3*y - 194. Suppose o*n + f = 72. What is the units digit of n?
2
Suppose -3*h + 5*h = -4*j + 102, 2*h + 36 = 2*j. Suppose 0 = c + 4*y - 672, 4*c - 25*y = -j*y + 2688. What is the tens digit of c?
7
Suppose d - 10 + 2 = -p, 3*d = -p + 24. Suppose 2*w - d = 0, 3*r = -5*w + 486 - 64. What is the hundreds digit of r?
1
Let a(m) = m**3 + 26*m**2 + 35*m + 26. Let v(g) = -g**3 - 25*g**2 - 36*g - 26. Let r(o) = 6*a(o) + 7*v(o). What is the tens digit of r(-18)?
0
Let j(a) = 177*a**2 + 79*a + 5. What is the units digit of j(-6)?
3
Let d(w) = -w**3 + 22*w**2 - 42*w + 41. Let u be d(20). What is the hundreds digit of u/(2 + 5/(-3)) + 897?
9
Let l(k) be the third derivative of k**6/120 + 4*k**5/15 + 5*k**4/8 + 7*k**3/3 - k**2. Let u = 322 + -337. What is the tens digit of l(u)?
1
Suppose 11*i + 5230 - 16571 = 0. What is the hundreds digit of i?
0
Suppose q = 2*w + 2877, -68*w + 67*w = -q + 2872. What is the tens digit of q?
6
Let r = -11547 + 25473. What is the tens digit of r?
2
Let n be -1 + 0 - ((4 - 9) + 102). Let x = n + 101. Let r(p) = 55*p + 11. What is the hundreds digit of r(x)?
1
Suppose -d - 3*d = 408. Let v = 50 + d. Let t = v - -110. What is the units digit of t?
8
Let r(u) = -352*u + 14. Suppose 0 = 5*i + 25, 3*z - 9*i + 10*i + 11 = 0. What is the hundreds digit of r(z)?
7
Suppose -72*x + 77*x + s - 97036 = 0, -4*s = x - 19430. What is the ten thousands digit of x?
1
What is the hundreds digit of (2/(-8) + 945/(-12))/((-195)/78195)?
6
Let j(y) = 3 - 10*y - y + 5*y + 7*y. Let u be j(2). Suppose -r + 1 = 0, t + 186 = u*t - 2*r. What is the units digit of t?
7
Let y be (-92)/161 - (-3162)/21. What is the units digit of y/(-20)*(-1356)/15?
8
Suppose 13*z - 680 = 9. Suppose n - 501 - z = 2*b, -552 = -n + 4*b. What is the units digit of n?
6
Let s be (2*5)/(-1)*13/26. Let o be 22/(((-2)/21)/(s/(-15))). Let y = 129 + o. What is the units digit of y?
2
Let v be (3 - 1)*(-4 - (-108)/8). Suppose -v*t = -16*t - 12. Suppose w + 2*k - 212 = 0, -w + k = t*w - 1093. What is the tens digit of w?
1
Suppose 29*s + 27*s - 8*s = 960720. What is the hundreds digit of s?
0
Let t = 130 + -130. What is the units digit of t/(-2) + (9 - -46)?
5
Suppose -2*s = -0*s + 5*a - 47, 0 = 2*s - 3*a - 23. Suppose s*m = 12*m. Suppose m*l + i = -3*l + 11, 3*i + 17 = l. What is the units digit of l?
5
Let r(a) = 4*a**2 + 67*a + 225. What is the tens digit of r(37)?
8
Let m(i) = -2*i. Let w(h) = 57*h + 8. Let z(t) = 6*m(t) + w(t). What is the tens digit of z(8)?
6
Let j(v) = -44*v**2 + 0 + 2 + 47*v**2. Let c be j(0). Suppose -5*q + 214 = c*f + 75, 0 = -5*f - 3*q + 300. What is th